 - (-23 + 17)) - (0 - 4).
19
-7 - (0 + 2) - (772 + -815) - 0
34
What is the value of 27 - (0 + 19 + -23) - (-1 - 3)?
35
What is -10 + 8 + (24 - (46 + 1))?
-25
What is the value of (-7 - -3) + -121 - (-1 - (15 + -4) - 2)?
-111
Calculate 5 + 1 + 9 + -8 + -32 + -10.
-35
Evaluate 4 + -14 - ((4 - 81) + -1 - -12) - 5.
51
Calculate 51 + (-15 - 4) + 25.
57
What is (-26 - 0 - -3) + (-1344 - -1372)?
5
What is 18 - 16 - -10 - 21 - (0 + 12)?
-21
Calculate 68 + (8 + -76 - -11).
11
Evaluate (23 - 0) + (26 - (342 - 298)).
5
Evaluate -11 + -48 - 0 - (3 + -20 + 14).
-56
What is the value of 347 - 390 - (-2 + -89)?
48
What is (20 - (-2 + 22 - (-140 + 104))) + 9?
-27
Calculate -16 - (-7 - (20 + -23)) - 5.
-17
Calculate -85 + (93 - (4 - -40)).
-36
What is -51 - (13 + 31 + -31 + -8)?
-56
-42 + -30 + 6 + 11 - (0 + -1 + -6)
-48
(1 - ((-1 - 1) + 8) - (997 + -1004)) + 48
50
Calculate (9 - (35 - (61 - 19))) + 12.
28
What is 53 + -130 + (-10 - (3 + 3 + -1))?
-92
Calculate 23 + 0 - (-94 - -64 - -17).
36
Evaluate (-10 - 0) + 53 + (-181 - -181).
43
What is 109 + -32 + 178 + -130?
125
Calculate (53 - 19) + (-6 - (51 - 31)).
8
Calculate 16 - (72 + -4 + 26 + -9 + -12).
-57
What is -8 + 48 + 16 + (-16 - 6)?
34
2 - (-11 - (-13 + (-3 - -13))) - 4
6
-5 + 21 + -4 + -8 + (10 - -7) + 5
26
What is (-18 + -2 + -12 + 8 - -17) + -82?
-89
What is the value of (12 + 18 - 10) + -35 - 38?
-53
Calculate -10 - (-20 - (-17 + -53)).
-60
Evaluate -9 + (11 - (-14 - -40)) - ((5 - 1) + -15).
-13
What is the value of 32 - (-20 - 14 - -54)?
12
Evaluate 7 - (-19 - (12 + -14 + 8 - -2)).
34
What is (-12 - -4) + (5 - (-12 - -12 - 26)) + -1?
22
What is the value of 22 - (1 + -60 - (-182 - -158))?
57
Calculate -4 + -149 + 182 + -3 + 1.
27
What is 5 - ((9 - 7) + 4 + 12 + 11)?
-24
What is the value of 33 - (50 + (-51 - -89))?
-55
-6 + -1 + 0 + 3 + (13 - -34 - 39)
4
What is the value of 6 + 0 + -5 + (-21 - -24) - 6?
-2
Calculate (117 - 108 - 135) + (28 - -1).
-97
(-102 - 0) + (6285 - 6213)
-30
Evaluate 82 + -107 - -6 - (6 + -2 + -102).
79
Evaluate -9 - (-11 - (-18 - -65 - 69)).
-20
(12 + (-9 - -22 - 16) - (-9 - -20)) + -5
-7
What is the value of -22 + 17 + 32 - 27?
0
What is 16 + -3 + -29 - -6 - -47?
37
What is -81 - (-21 + -57) - -46?
43
What is -14 + -7 + 14 + -18 + 24 + -1?
-2
Calculate 38 + 30 + (-14 - 8 - -4).
50
Calculate 1 + 91 + (-194 + 242 - 70).
70
What is the value of 1 + -50 - (-4676 + 4598)?
29
What is the value of -31 - (-54 + 36) - 28?
-41
Evaluate (-8 - -21) + 10 + -28 + 0.
-5
Calculate 60 - (-14 + (121 - -3)).
-50
What is 146 + -219 - (-27 - 35)?
-11
What is 26 - (418 + -422 - (6 - 1))?
35
What is the value of -83 + (-12 - -55 - 28)?
-68
Evaluate 21 + (19 - (38 - 8)).
10
Calculate 43 - ((-20 - 0 - (-32 - -26)) + 21).
36
Evaluate (2 - (4 - (5 + 8 + -4))) + (-40 - 6).
-39
What is -2 + 16 + 3 + 12 + 27 + -61?
-5
What is (12 - 16 - (-5 + -2)) + 54 + -4?
53
-24 + 7 + 7 + (-18 - -5)
-23
-17 + 1 + 31 + (15 - 120 - -9)
-81
What is the value of -43 + 25 + 12 + -19 + (-1 - 8)?
-34
-72 - (12 + 0 - (8 - (-12 - (18 + -19))))
-65
What is the value of 35 - (-41 + 92 - 9)?
-7
What is the value of -63 + 36 + 43 + -77 + (-6 - -1)?
-66
(-12 - -11) + -7 + 5 + (12 - -42)
51
Evaluate 30 + (5 - (16 + 4) - (-22 + 1)).
36
((-43 - -87) + -86 - 3) + 192
147
What is the value of -10 + 4 + (-2 - (13 - (-8 + 61)))?
32
(0 - (17 + -42 + 14 - (-2 - 2))) + 55
62
What is -5 - (58 - 68 - -50)?
-45
What is -31 - 0 - -1 - ((27 - 1) + (-20 - 2))?
-34
(7 - -4) + -6 + -69 + 75 + (-1 - -78)
88
Evaluate 28 + 60 + -42 + 6.
52
What is the value of -27 + (19 - (12 + -11) - 8)?
-17
-3 + 13 + -12 + (-5 - -2) + -19
-24
What is the value of -172 + (77 - -115) - (54 + -1)?
-33
15 + (19 + -22 + -11 - -62)
63
(111 - (92 + 62)) + -92
-135
What is -12 + (0 - (-4 + -27 + 16)) + -12?
-9
What is the value of 10 + 75 - (647 - 489)?
-73
Calculate 15 - (53 - (-28 + 41)).
-25
What is (-5 - (6 + -4)) + -14 + (63 - (7 + -2))?
37
Calculate (1276 - 1364) + (-2 - -51).
-39
What is the value of -85 + -2 - (-91 - (169 + -250))?
-77
What is (0 - (18 + (-12 - -1) + -12)) + -5?
0
8 + -21 + (11 - (12 + (-9 - -26)))
-31
What is the value of (-6 - 2) + 30 - (421 + -408)?
9
What is 39 + 21 + -72 + 47 + -7 + 7 + 3?
38
What is the value of -162 + 217 - (-16 - -2 - (-1 - 4))?
64
What is the value of -22 + 9 - (-1 + -4 + 9 - -40)?
-57
Evaluate (24 - (62 + -43)) + (-3 - -1 - (67 + 16)).
-80
What is the value of 0 - (59 + (4 + 0 - (163 - 158)))?
-58
-72 + 148 + (-198 - 27)
-149
What is the value of -40 - -20 - -5 - (-13 - 7)?
5
Evaluate -1 + 35 + -30 + 24 - 30.
-2
Calculate 9 + 0 + (-166 - -157) - (21 + -1).
-20
Evaluate 3 + (6 - -21) - (-80 + 72).
38
What is -5 - (-115 + 64 - -81 - (20 - -2))?
-13
What is the value of -1 + 47 - (-17 + 26 + 10 + -7)?
34
What is 660 + -688 + (-2 - -59)?
29
Calculate (-6 - 1) + (31 - 9) - (143 - 129) - -45.
46
Calculate (-7 - (-2 + 1)) + (37 - (-29 - -27)).
33
What is 11 + 24 + -104 + 82?
13
What is (9 - (24 - (11 - -9))) + -97 + -4 + 1?
-95
Calculate 28 - (-12 - (-65 - -4)).
-21
-19 - ((-6 - ((-11 - -3) + -4)) + -3)
-22
36 + (-102 - -111) + -3 + 3 + -1 + 1
45
What is 0 + 2 + -19 + -18 + -106 + 132 + -31?
-40
What is the value of -12 + (5 + 10 - 33) + -1 + 15?
-16
Calculate (9 - 18) + 24 + -18 + 21 + 3 + -3.
18
Calculate (-27 + 7 + -4 - -19) + 17 + -2.
10
Calculate -2 - (-1 + 23) - -50 - (-1 - (-2 + 9)).
34
Evaluate 2 - (5 + 3 + 4 + (-31 - 1) + -10).
32
Evaluate -33 + 57 + 1 + -53.
-28
What is 12 + -65 + -3 + 2 - ((-11 - -7) + -4)?
-46
Calculate 4 - (-33 + 59 + -16) - (0 - (-11 + 1)).
-16
Evaluate -79 - (-148 + 23 + 29).
17
Calculate 7 - ((6 - (9 - 5)) + (-8 - -21)).
-8
What is the value of (73 - 93) + 37 + -8 + 13?
22
What is 7 + (0 + -17 - (-19 - -17)) - (0 + -6)?
-2
What is the value of -3 + -15 - (-14 + 53 + -28)?
-29
Calculate -40 + (-202 - -190 - (0 + -12 + 0)).
-40
-4 + 8 - 2 - (-27 - (-21 - 0))
8
Evaluate -68 - (-1 - 2) - (-24 + 28 + 15).
-84
Evaluate 159 + (-14 + -126 - -46).
65
Calculate -1501 + 1460 - (-2 + 4 - -9).
-52
What is (-56 - (-83 + 46)) + 42?
23
Evaluate 57 + (83 + -145 - -38).
33
What is the value of 146 + -402 + 225 + (22 - -1)?
-8
What is -2 + 5 + (41 - (-27 - 1 - -24))?
48
22 - ((44 - (19 + -28)) + 4)
-35
Evaluate -71 + 96 + -38 + 58.
45
Evaluate 102 + 90 + -91 + -179.
-78
What is (-45 - (-18 - -15)) + (11 + -17 - -5)?
-43
-1 + (5 + -4 - -17) + 63 + -74
6
Calculate 66 - 24 - (1 - -19).
22
What is the value of -10 - ((-1 + -4 - -3) + (-68 - -63))?
-3
What is -1 - 11 - 0 - (-75 + 2 + 39)?
22
What is (-87 - (28 - 105)) + 56?
46
-15 + -18 + 1 + 143 + 1
112
What is 2 + -24 - (25 + -65) - 10 - (95 - -3)?
-90
What is 61 - 55 - (-2 + 46 + (8 - 17))?
-29
Evaluate 17 + -41 + (-2 - (193 + -180 - (2 - -8))).
-29
Evaluate (-7 + 12 - -13 - 1) + 65 + 4.
86
What is (1 - 4) + (81 - 89) - (-13 + 27)?
-25
Calculate 22 - (-37 + 13 + 22 - -18).
6
What is the value of 1818 + -1832 + -1 + (-1 - -2 - -112)?
98
Calculate 53 - ((-9 - 2) + -41 + 71).
34
Calculate 5 + 8 + (-6 - -108) + (300 - 288).
127
What is 6 + (-17 - -1 - (36 - 39))?
-7
20 - (-1 + 10 - (-38 + -32 + 60))
1
Calculate 45 + (-21 + 32 - 25) + 30.
61
What is the value of 19 + -14 + 31 + 14 + -50?
0
What is -1675 + 1673 - (0 + -10 - -1)?
7
What is 21 + (-1 - 3) + (-186 - -173)?
4
-49 + (-76 - -22 - -151)
48
What is the value of -85 + 91 - ((1 - (4 + 1)) + -4 - 45)?
59
-21 + 10 + (-1 - -2) + 88 + -78
0
Evaluate 56 + -75 + (41 - -11 - 13).
20
What is the value of 26445 - 26366 - (0 + 34 + -1)?
46
What is the value of (23 - 39 - (-11 + 2)) + 1 + (3 - 61)?
-64
-3 - (-52 - -1) - (476 + -456)
28
(-11 - (-12 - (14 + -6))) + -12
-3
Evaluate 216 + (11 - (119 + -42)).
150
Evaluate (-3 - 0 - 8 - (156 - 197)) + -8.
22
What is the value of -2 + 1 - (9 - (23 - (9 - 4)))?
8
What is the value of (178 - 110) + (0 + 4 + (23 - 17) - 1)?
77
Calculate (-8 + 0 - -11) + 1 + 7 + -63 + 12.
-40
Evaluate (63 - 65) + 41 + 4.
43
Calculate -18 + 0 + 12 + -34.
-40
40 + (-23 - -8) + (65 - 119)
-29
What is the value of 14 + (2 - 17) + -3 + 68 + -15?
49
What is the value of (-493 - -489 - (1 + 14)) + -25?
-44
Calculate 69 - (-12 - 57 - -83).
55
What is -103 + 46 + -13 + -25 + 29?
-66
Calculate -34 + 23 - (94 - 63).
-42
Calculate (26 - (12 + 15 + -7)) + 15.
21
What is the value of 76 + (-189 - -128) - (1 + 11)